{"id":95,"date":"2016-09-14T23:17:09","date_gmt":"2016-09-14T22:17:09","guid":{"rendered":"http:\/\/photopose.cz\/?page_id=95"},"modified":"2023-03-13T13:08:31","modified_gmt":"2023-03-13T11:08:31","slug":"jak_koupit","status":"publish","type":"page","link":"https:\/\/photopose.cz\/index.php\/jak_koupit\/","title":{"rendered":"Jak koupit"},"content":{"rendered":"<h1><span style=\"color: #1baad6;\">Jak koupit PHOTOPOSE?<\/span><\/h1>\n<ol>\n<li>Vypl\u0148te n\u00e1sleduj\u00edc\u00ed objedn\u00e1vkov\u00fd formul\u00e1\u0159.<\/li>\n<li>N\u00e1sledn\u011b obdr\u017e\u00edte na V\u00e1\u0161 email fakturu pro zaplacen\u00ed.<\/li>\n<li>Po jej\u00edm uhrazen\u00ed obdr\u017e\u00edte email s&nbsp;p\u0159\u00edstupov\u00fdmi \u00fadaji, kter\u00e9 aktivuj\u00ed software.<\/li>\n<li>Software lze st\u00e1hnout&nbsp;<a href=\"http:\/\/photopose.cz\/index.php\/stahnout_demo\/\">ZDE<\/a>.<\/li>\n<\/ol>\n<div class='powr-order-form' id='bec33407_1482846398'><\/div>\n","protected":false},"excerpt":{"rendered":"<p>Jak koupit PHOTOPOSE? Vypl\u0148te n\u00e1sleduj\u00edc\u00ed objedn\u00e1vkov\u00fd formul\u00e1\u0159. N\u00e1sledn\u011b obdr\u017e\u00edte na V\u00e1\u0161 email fakturu pro zaplacen\u00ed. Po jej\u00edm uhrazen\u00ed obdr\u017e\u00edte email s&nbsp;p\u0159\u00edstupov\u00fdmi \u00fadaji, kter\u00e9 aktivuj\u00ed software. Software lze st\u00e1hnout&nbsp;ZDE.<\/p>\n","protected":false},"author":1,"featured_media":0,"parent":0,"menu_order":0,"comment_status":"closed","ping_status":"closed","template":"template-fullwidth.php","meta":[],"_links":{"self":[{"href":"https:\/\/photopose.cz\/index.php\/wp-json\/wp\/v2\/pages\/95"}],"collection":[{"href":"https:\/\/photopose.cz\/index.php\/wp-json\/wp\/v2\/pages"}],"about":[{"href":"https:\/\/photopose.cz\/index.php\/wp-json\/wp\/v2\/types\/page"}],"author":[{"embeddable":true,"href":"https:\/\/photopose.cz\/index.php\/wp-json\/wp\/v2\/users\/1"}],"replies":[{"embeddable":true,"href":"https:\/\/photopose.cz\/index.php\/wp-json\/wp\/v2\/comments?post=95"}],"version-history":[{"count":16,"href":"https:\/\/photopose.cz\/index.php\/wp-json\/wp\/v2\/pages\/95\/revisions"}],"predecessor-version":[{"id":453,"href":"https:\/\/photopose.cz\/index.php\/wp-json\/wp\/v2\/pages\/95\/revisions\/453"}],"wp:attachment":[{"href":"https:\/\/photopose.cz\/index.php\/wp-json\/wp\/v2\/media?parent=95"}],"curies":[{"name":"wp","href":"https:\/\/api.w.org\/{rel}","templated":true}]}}