{"id":423,"date":"2019-04-12T20:46:31","date_gmt":"2019-04-12T19:46:31","guid":{"rendered":"http:\/\/photopose.cz\/?page_id=423"},"modified":"2019-10-03T08:45:08","modified_gmt":"2019-10-03T07:45:08","slug":"stahnout_demo","status":"publish","type":"page","link":"https:\/\/photopose.cz\/index.php\/stahnout_demo\/","title":{"rendered":"Demo"},"content":{"rendered":"<h1><span style=\"color: #1baad6;\">St\u00e1hnout demo verzi m\u016f\u017eete zde:<\/span><\/h1>\n<a href=\"https:\/\/photopose.cz\/?media_dl=418\">Photopose_cz<\/a>\n","protected":false},"excerpt":{"rendered":"<p>St\u00e1hnout demo verzi m\u016f\u017eete zde:<\/p>\n","protected":false},"author":1,"featured_media":0,"parent":0,"menu_order":0,"comment_status":"closed","ping_status":"closed","template":"template-fullwidth.php","meta":[],"_links":{"self":[{"href":"https:\/\/photopose.cz\/index.php\/wp-json\/wp\/v2\/pages\/423"}],"collection":[{"href":"https:\/\/photopose.cz\/index.php\/wp-json\/wp\/v2\/pages"}],"about":[{"href":"https:\/\/photopose.cz\/index.php\/wp-json\/wp\/v2\/types\/page"}],"author":[{"embeddable":true,"href":"https:\/\/photopose.cz\/index.php\/wp-json\/wp\/v2\/users\/1"}],"replies":[{"embeddable":true,"href":"https:\/\/photopose.cz\/index.php\/wp-json\/wp\/v2\/comments?post=423"}],"version-history":[{"count":4,"href":"https:\/\/photopose.cz\/index.php\/wp-json\/wp\/v2\/pages\/423\/revisions"}],"predecessor-version":[{"id":445,"href":"https:\/\/photopose.cz\/index.php\/wp-json\/wp\/v2\/pages\/423\/revisions\/445"}],"wp:attachment":[{"href":"https:\/\/photopose.cz\/index.php\/wp-json\/wp\/v2\/media?parent=423"}],"curies":[{"name":"wp","href":"https:\/\/api.w.org\/{rel}","templated":true}]}}